{"id":1276,"date":"2023-01-19T12:17:24","date_gmt":"2023-01-19T11:17:24","guid":{"rendered":"http:\/\/ilfop.be\/?page_id=1276"},"modified":"2023-06-15T11:05:48","modified_gmt":"2023-06-15T09:05:48","slug":"decouverte-de-la-photo","status":"publish","type":"page","link":"https:\/\/ilfop.be\/index.php\/decouverte-de-la-photo\/","title":{"rendered":"D\u00e9couverte de la Photo"},"content":{"rendered":"\n<p>Si tu as toujours eu envie de d\u00e9couvrir le monde de la photo, d&#8217;en apprendre les bases, de savoir te servir de ton appareil, de le comprendre et de l&#8217;utiliser au mieux, tu es sans aucun doute au bon endroit! <\/p>\n\n\n\n<p>Cette formation est pour toi! <\/p>\n\n\n\n<div style=\"height:50px\" aria-hidden=\"true\" class=\"wp-block-spacer\"><\/div>\n\n\n\n<div class=\"wp-block-group\"><div class=\"wp-block-group__inner-container is-layout-flow wp-block-group-is-layout-flow\">\n<div class=\"wp-block-columns is-layout-flex wp-container-core-columns-is-layout-9d6595d7 wp-block-columns-is-layout-flex\">\n<div class=\"wp-block-column is-layout-flow wp-block-column-is-layout-flow\">\n<h5 class=\"has-pale-pink-color has-text-color wp-block-heading\">Horaires 2023-2024<\/h5>\n\n\n\n<p>Mercredi, de 17h45 \u00e0 21h05<\/p>\n<\/div>\n\n\n\n<div class=\"wp-block-column is-layout-flow wp-block-column-is-layout-flow\">\n<h5 class=\"has-pale-pink-color has-text-color wp-block-heading\">Conditions d&#8217;admissions<\/h5>\n\n\n\n<p>CEB ou test d\u2019admission.<\/p>\n<\/div>\n\n\n\n<div class=\"wp-block-column is-layout-flow wp-block-column-is-layout-flow\">\n<h5 class=\"has-pale-pink-color has-text-color wp-block-heading\"><\/h5>\n\n\n\n<p><\/p>\n<\/div>\n<\/div>\n<\/div><\/div>\n\n\n\n<div style=\"height:40px\" aria-hidden=\"true\" class=\"wp-block-spacer\"><\/div>\n\n\n\n<div class=\"wp-block-media-text alignwide is-stacked-on-mobile\"><figure class=\"wp-block-media-text__media\"><img loading=\"lazy\" decoding=\"async\" width=\"1024\" height=\"683\" src=\"http:\/\/ilfop.be\/wp-content\/uploads\/2023\/01\/reinhart-julian-WxM465oM4j4-unsplash-1024x683.jpg\" alt=\"\" class=\"wp-image-1278 size-full\" srcset=\"https:\/\/ilfop.be\/wp-content\/uploads\/2023\/01\/reinhart-julian-WxM465oM4j4-unsplash-1024x683.jpg 1024w, https:\/\/ilfop.be\/wp-content\/uploads\/2023\/01\/reinhart-julian-WxM465oM4j4-unsplash-300x200.jpg 300w, https:\/\/ilfop.be\/wp-content\/uploads\/2023\/01\/reinhart-julian-WxM465oM4j4-unsplash-768x512.jpg 768w, https:\/\/ilfop.be\/wp-content\/uploads\/2023\/01\/reinhart-julian-WxM465oM4j4-unsplash-1536x1024.jpg 1536w, https:\/\/ilfop.be\/wp-content\/uploads\/2023\/01\/reinhart-julian-WxM465oM4j4-unsplash-2048x1365.jpg 2048w\" sizes=\"auto, (max-width: 1024px) 100vw, 1024px\" \/><\/figure><div class=\"wp-block-media-text__content\">\n<blockquote class=\"wp-block-quote is-layout-flow wp-block-quote-is-layout-flow\"><p>La photographie est une br\u00e8ve complicit\u00e9 entre la pr\u00e9voyance et le hasard.<\/p><cite>John Stuart Mil<\/cite><\/blockquote>\n<\/div><\/div>\n","protected":false},"excerpt":{"rendered":"<p>Si tu as toujours eu envie de d\u00e9couvrir le monde de la photo, d&#8217;en apprendre les bases, de savoir te servir de ton appareil, de le comprendre et de l&#8217;utiliser au mieux, tu es sans aucun doute au bon endroit! Cette formation est pour toi! Horaires 2023-2024 Mercredi, de 17h45 \u00e0 21h05 Conditions d&#8217;admissions CEB [&hellip;]<\/p>\n","protected":false},"author":1,"featured_media":0,"parent":0,"menu_order":0,"comment_status":"closed","ping_status":"closed","template":"","meta":{"footnotes":""},"class_list":["post-1276","page","type-page","status-publish","hentry"],"_links":{"self":[{"href":"https:\/\/ilfop.be\/index.php\/wp-json\/wp\/v2\/pages\/1276","targetHints":{"allow":["GET"]}}],"collection":[{"href":"https:\/\/ilfop.be\/index.php\/wp-json\/wp\/v2\/pages"}],"about":[{"href":"https:\/\/ilfop.be\/index.php\/wp-json\/wp\/v2\/types\/page"}],"author":[{"embeddable":true,"href":"https:\/\/ilfop.be\/index.php\/wp-json\/wp\/v2\/users\/1"}],"replies":[{"embeddable":true,"href":"https:\/\/ilfop.be\/index.php\/wp-json\/wp\/v2\/comments?post=1276"}],"version-history":[{"count":3,"href":"https:\/\/ilfop.be\/index.php\/wp-json\/wp\/v2\/pages\/1276\/revisions"}],"predecessor-version":[{"id":1466,"href":"https:\/\/ilfop.be\/index.php\/wp-json\/wp\/v2\/pages\/1276\/revisions\/1466"}],"wp:attachment":[{"href":"https:\/\/ilfop.be\/index.php\/wp-json\/wp\/v2\/media?parent=1276"}],"curies":[{"name":"wp","href":"https:\/\/api.w.org\/{rel}","templated":true}]}}