{"id":1669,"date":"2024-01-20T09:12:13","date_gmt":"2024-01-20T08:12:13","guid":{"rendered":"https:\/\/ilfop.be\/?page_id=1669"},"modified":"2024-01-20T09:12:13","modified_gmt":"2024-01-20T08:12:13","slug":"ameublement-confection-sacs-divers","status":"publish","type":"page","link":"https:\/\/ilfop.be\/index.php\/76-2\/ameublement-confection-sacs-divers\/","title":{"rendered":"Ameublement &#8211; Confection Sacs Divers"},"content":{"rendered":"\n<p>Qu\u2019il soit de voyage, de course, de travail ou de soir\u00e9e. Plus qu\u2019un contenant pratique, le sac est devenu en quelques d\u00e9cennies un accessoire de mode essentiel. Sac femme, sac homme&nbsp;: ils s\u2019imposent comme des pi\u00e8ces ma\u00eetresses dans nos looks quotidiens.<\/p>\n\n\n\n<p>Profitez de notre nouvelle formation \u00ab&nbsp;Confection de sacs&nbsp;\u00bb. Le savoir-faire de nos professeurs est \u00e0 votre port\u00e9e&nbsp;! Ils vous initieront \u00e0 l\u2019histoire du sac, les diff\u00e9rents types de sacs, ils vous apprendront \u00e0 identifier les diff\u00e9rentes mati\u00e8res et mat\u00e9riels \u00e0 utiliser pour la confection d\u2019un sac.<\/p>\n\n\n\n<p>Vous souhaitez perfectionner vos connaissances en couture ? Vous \u00eates simplement curieuse ou vous avez l\u2019envie de prendre un petit moment pour vous&nbsp;?<\/p>\n\n\n\n<p>Lors de ce parcours de formation nous vous donnerons les moyens\u00a0de faire preuve de recherche et de cr\u00e9ativit\u00e9 dans le choix des mat\u00e9riaux, d&#8217;utiliser des techniques de coupe, d&#8217;assemblage, de montage et de mise en forme des mat\u00e9riaux, de concevoir diff\u00e9rentes r\u00e9alisations possibles selon le mod\u00e8le, la personne et le mat\u00e9riau d\u00e9termin\u00e9 et de mettre en valeur les r\u00e9alisations termin\u00e9es.<\/p>\n\n\n\n<div style=\"height:43px\" aria-hidden=\"true\" class=\"wp-block-spacer\"><\/div>\n\n\n\n<div class=\"wp-block-media-text alignwide is-stacked-on-mobile\"><figure class=\"wp-block-media-text__media\"><img loading=\"lazy\" decoding=\"async\" width=\"735\" height=\"901\" src=\"https:\/\/ilfop.be\/wp-content\/uploads\/2024\/01\/419676642_1053446855866100_5252015225382018262_n.jpg\" alt=\"\" class=\"wp-image-1670 size-full\" srcset=\"https:\/\/ilfop.be\/wp-content\/uploads\/2024\/01\/419676642_1053446855866100_5252015225382018262_n.jpg 735w, https:\/\/ilfop.be\/wp-content\/uploads\/2024\/01\/419676642_1053446855866100_5252015225382018262_n-245x300.jpg 245w\" sizes=\"auto, (max-width: 735px) 100vw, 735px\" \/><\/figure><div class=\"wp-block-media-text__content\">\n<blockquote class=\"wp-block-quote is-layout-flow wp-block-quote-is-layout-flow\"><p>L&#8217;art est le fruit de la cr\u00e9ativit\u00e9s des gens libres. <\/p><cite>John Fitzgerald Kennedy<\/cite><\/blockquote>\n<\/div><\/div>\n","protected":false},"excerpt":{"rendered":"<p>Qu\u2019il soit de voyage, de course, de travail ou de soir\u00e9e. Plus qu\u2019un contenant pratique, le sac est devenu en quelques d\u00e9cennies un accessoire de mode essentiel. Sac femme, sac homme&nbsp;: ils s\u2019imposent comme des pi\u00e8ces ma\u00eetresses dans nos looks quotidiens. Profitez de notre nouvelle formation \u00ab&nbsp;Confection de sacs&nbsp;\u00bb. Le savoir-faire de nos professeurs est [&hellip;]<\/p>\n","protected":false},"author":1,"featured_media":0,"parent":76,"menu_order":0,"comment_status":"closed","ping_status":"closed","template":"","meta":{"footnotes":""},"class_list":["post-1669","page","type-page","status-publish","hentry"],"_links":{"self":[{"href":"https:\/\/ilfop.be\/index.php\/wp-json\/wp\/v2\/pages\/1669","targetHints":{"allow":["GET"]}}],"collection":[{"href":"https:\/\/ilfop.be\/index.php\/wp-json\/wp\/v2\/pages"}],"about":[{"href":"https:\/\/ilfop.be\/index.php\/wp-json\/wp\/v2\/types\/page"}],"author":[{"embeddable":true,"href":"https:\/\/ilfop.be\/index.php\/wp-json\/wp\/v2\/users\/1"}],"replies":[{"embeddable":true,"href":"https:\/\/ilfop.be\/index.php\/wp-json\/wp\/v2\/comments?post=1669"}],"version-history":[{"count":1,"href":"https:\/\/ilfop.be\/index.php\/wp-json\/wp\/v2\/pages\/1669\/revisions"}],"predecessor-version":[{"id":1671,"href":"https:\/\/ilfop.be\/index.php\/wp-json\/wp\/v2\/pages\/1669\/revisions\/1671"}],"up":[{"embeddable":true,"href":"https:\/\/ilfop.be\/index.php\/wp-json\/wp\/v2\/pages\/76"}],"wp:attachment":[{"href":"https:\/\/ilfop.be\/index.php\/wp-json\/wp\/v2\/media?parent=1669"}],"curies":[{"name":"wp","href":"https:\/\/api.w.org\/{rel}","templated":true}]}}

<p>Qu’il soit de voyage, de course, de travail ou de soirée. Plus qu’un contenant pratique, le sac est devenu en quelques décennies un accessoire de mode essentiel. Sac femme, sac homme&nbsp;: ils s’imposent comme des pièces maîtresses dans nos looks quotidiens.</p>



<p>Profitez de notre nouvelle formation «&nbsp;Confection de sacs&nbsp;». Le savoir-faire de nos professeurs est à votre portée&nbsp;! Ils vous initieront à l’histoire du sac, les différents types de sacs, ils vous apprendront à identifier les différentes matières et matériels à utiliser pour la confection d’un sac.</p>



<p>Vous souhaitez perfectionner vos connaissances en couture ? Vous êtes simplement curieuse ou vous avez l’envie de prendre un petit moment pour vous&nbsp;?</p>



<p>Lors de ce parcours de formation nous vous donnerons les moyens de faire preuve de recherche et de créativité dans le choix des matériaux, d&#8217;utiliser des techniques de coupe, d&#8217;assemblage, de montage et de mise en forme des matériaux, de concevoir différentes réalisations possibles selon le modèle, la personne et le matériau déterminé et de mettre en valeur les réalisations terminées.</p>



<div style="height:43px" aria-hidden="true" class="wp-block-spacer"></div>



<div class="wp-block-media-text alignwide is-stacked-on-mobile"><figure class="wp-block-media-text__media"><img loading="lazy" decoding="async" width="735" height="901" src="https://ilfop.be/wp-content/uploads/2024/01/419676642_1053446855866100_5252015225382018262_n.jpg" alt="" class="wp-image-1670 size-full" srcset="https://ilfop.be/wp-content/uploads/2024/01/419676642_1053446855866100_5252015225382018262_n.jpg 735w, https://ilfop.be/wp-content/uploads/2024/01/419676642_1053446855866100_5252015225382018262_n-245x300.jpg 245w" sizes="auto, (max-width: 735px) 100vw, 735px" /></figure><div class="wp-block-media-text__content">
<blockquote class="wp-block-quote is-layout-flow wp-block-quote-is-layout-flow"><p>L&#8217;art est le fruit de la créativités des gens libres. </p><cite>John Fitzgerald Kennedy</cite></blockquote>
</div></div>

<p>Qu’il soit de voyage, de course, de travail ou de soirée. Plus qu’un contenant pratique, le sac est devenu en quelques décennies un accessoire de mode essentiel. Sac femme, sac homme&nbsp;: ils s’imposent comme des pièces maîtresses dans nos looks quotidiens. Profitez de notre nouvelle formation «&nbsp;Confection de sacs&nbsp;». Le savoir-faire de nos professeurs est [&hellip;]</p>
