{"id":363,"date":"2021-03-02T10:40:11","date_gmt":"2021-03-02T09:40:11","guid":{"rendered":"http:\/\/ilfop.be\/?page_id=363"},"modified":"2021-03-02T11:03:18","modified_gmt":"2021-03-02T10:03:18","slug":"bierologie-2","status":"publish","type":"page","link":"https:\/\/ilfop.be\/index.php\/76-2\/bierologie-2\/","title":{"rendered":"Bi\u00e8rologie"},"content":{"rendered":"\n<p>Vous apprendrez, \u00e0 d\u00e9crire l\u2019historique et l\u2019\u00e9volution des bi\u00e8res dans le monde, \u00e0 identifier et caract\u00e9riser les mati\u00e8res premi\u00e8res pour la fabrication des bi\u00e8res, \u00e0 d\u00e9crire les diff\u00e9rentes m\u00e9thodes de production des bi\u00e8res, \u00e0 \u00e9noncer les principes de base qui influencent le caract\u00e8re des bi\u00e8res, \u00e0 d\u00e9crire les crit\u00e8res de conservation de la bi\u00e8re, \u00e0 commenter les mentions figurant sur les \u00e9tiquettes des bi\u00e8re et d\u00e9terminer les risques li\u00e9s \u00e0 l\u2019abus d\u2019alcool<\/p>\n\n\n\n<p>Organis\u00e9 en partenariat avec <a href=\"https:\/\/ecolesfps.be\/\">FPS Waremme-Hannut<\/a><\/p>\n\n\n\n<div class=\"wp-block-media-text alignwide is-stacked-on-mobile\"><figure class=\"wp-block-media-text__media\"><img loading=\"lazy\" decoding=\"async\" width=\"1024\" height=\"576\" src=\"http:\/\/ilfop.be\/wp-content\/uploads\/2021\/03\/mnm-all-46Yad80Ynp4-unsplash-1024x576.jpg\" alt=\"\" class=\"wp-image-346\" srcset=\"https:\/\/ilfop.be\/wp-content\/uploads\/2021\/03\/mnm-all-46Yad80Ynp4-unsplash-1024x576.jpg 1024w, https:\/\/ilfop.be\/wp-content\/uploads\/2021\/03\/mnm-all-46Yad80Ynp4-unsplash-300x169.jpg 300w, https:\/\/ilfop.be\/wp-content\/uploads\/2021\/03\/mnm-all-46Yad80Ynp4-unsplash-768x432.jpg 768w, https:\/\/ilfop.be\/wp-content\/uploads\/2021\/03\/mnm-all-46Yad80Ynp4-unsplash-1536x864.jpg 1536w, https:\/\/ilfop.be\/wp-content\/uploads\/2021\/03\/mnm-all-46Yad80Ynp4-unsplash-2048x1152.jpg 2048w\" sizes=\"auto, (max-width: 1024px) 100vw, 1024px\" \/><\/figure><div class=\"wp-block-media-text__content\">\n<blockquote class=\"wp-block-quote is-layout-flow wp-block-quote-is-layout-flow\"><p>La bi\u00e8re est la preuve que Dieu nous aime et veut que nous soyons heureux.<\/p><cite>Benjamin Franklin<\/cite><\/blockquote>\n<\/div><\/div>\n","protected":false},"excerpt":{"rendered":"<p>Vous apprendrez, \u00e0 d\u00e9crire l\u2019historique et l\u2019\u00e9volution des bi\u00e8res dans le monde, \u00e0 identifier et caract\u00e9riser les mati\u00e8res premi\u00e8res pour la fabrication des bi\u00e8res, \u00e0 d\u00e9crire les diff\u00e9rentes m\u00e9thodes de production des bi\u00e8res, \u00e0 \u00e9noncer les principes de base qui influencent le caract\u00e8re des bi\u00e8res, \u00e0 d\u00e9crire les crit\u00e8res de conservation de la bi\u00e8re, \u00e0 [&hellip;]<\/p>\n","protected":false},"author":1,"featured_media":0,"parent":76,"menu_order":0,"comment_status":"closed","ping_status":"closed","template":"","meta":{"footnotes":""},"class_list":["post-363","page","type-page","status-publish","hentry"],"_links":{"self":[{"href":"https:\/\/ilfop.be\/index.php\/wp-json\/wp\/v2\/pages\/363","targetHints":{"allow":["GET"]}}],"collection":[{"href":"https:\/\/ilfop.be\/index.php\/wp-json\/wp\/v2\/pages"}],"about":[{"href":"https:\/\/ilfop.be\/index.php\/wp-json\/wp\/v2\/types\/page"}],"author":[{"embeddable":true,"href":"https:\/\/ilfop.be\/index.php\/wp-json\/wp\/v2\/users\/1"}],"replies":[{"embeddable":true,"href":"https:\/\/ilfop.be\/index.php\/wp-json\/wp\/v2\/comments?post=363"}],"version-history":[{"count":2,"href":"https:\/\/ilfop.be\/index.php\/wp-json\/wp\/v2\/pages\/363\/revisions"}],"predecessor-version":[{"id":541,"href":"https:\/\/ilfop.be\/index.php\/wp-json\/wp\/v2\/pages\/363\/revisions\/541"}],"up":[{"embeddable":true,"href":"https:\/\/ilfop.be\/index.php\/wp-json\/wp\/v2\/pages\/76"}],"wp:attachment":[{"href":"https:\/\/ilfop.be\/index.php\/wp-json\/wp\/v2\/media?parent=363"}],"curies":[{"name":"wp","href":"https:\/\/api.w.org\/{rel}","templated":true}]}}