{"id":366,"date":"2021-03-02T10:49:08","date_gmt":"2021-03-02T09:49:08","guid":{"rendered":"http:\/\/ilfop.be\/?page_id=366"},"modified":"2025-06-20T15:42:07","modified_gmt":"2025-06-20T13:42:07","slug":"espagnol-2","status":"publish","type":"page","link":"https:\/\/ilfop.be\/index.php\/76-2\/espagnol-2\/","title":{"rendered":"Espagnol"},"content":{"rendered":"\n<div class=\"wp-block-columns is-layout-flex wp-container-core-columns-is-layout-9d6595d7 wp-block-columns-is-layout-flex\">\n<div class=\"wp-block-column is-layout-flow wp-block-column-is-layout-flow\" style=\"flex-basis:33.33%\">\n<figure class=\"wp-block-image size-large\"><img loading=\"lazy\" decoding=\"async\" width=\"1024\" height=\"768\" src=\"https:\/\/ilfop.be\/wp-content\/uploads\/2023\/06\/pexels-pixabay-54097-1024x768.jpg\" alt=\"\" class=\"wp-image-1446\" srcset=\"https:\/\/ilfop.be\/wp-content\/uploads\/2023\/06\/pexels-pixabay-54097-1024x768.jpg 1024w, https:\/\/ilfop.be\/wp-content\/uploads\/2023\/06\/pexels-pixabay-54097-300x225.jpg 300w, https:\/\/ilfop.be\/wp-content\/uploads\/2023\/06\/pexels-pixabay-54097-768x576.jpg 768w, https:\/\/ilfop.be\/wp-content\/uploads\/2023\/06\/pexels-pixabay-54097-1536x1152.jpg 1536w, https:\/\/ilfop.be\/wp-content\/uploads\/2023\/06\/pexels-pixabay-54097-2048x1536.jpg 2048w\" sizes=\"auto, (max-width: 1024px) 100vw, 1024px\" \/><\/figure>\n<\/div>\n\n\n\n<div class=\"wp-block-column is-layout-flow wp-block-column-is-layout-flow\" style=\"flex-basis:66.66%\">\n<p>\u00a1 Hola ! \u00bfQu\u00e9 tal? <\/p>\n\n\n\n<p>Vous avez entre 15 et 99 ans&nbsp;et avez envie d&#8217;apprendre l&#8217;espagnol de mani\u00e8re efficace et dans la bonne humeur ? Les cours d&#8217;espagnol de l\u2019ILFoP Hannut sont faits pour vous. Ils se donnent dans une ambiance conviviale et familiale.<\/p>\n\n\n\n<p>Les 6 niveaux de cours&nbsp;et tables de conversation&nbsp;sont donn\u00e9s par des professeurs universitaires, enthousiastes et exp\u00e9riment\u00e9s. Ils se donnent en groupes restreints, ce qui est notre label qualit\u00e9. <\/p>\n\n\n\n<p>Les progr\u00e8s rapides sont garantis.Vous r\u00e9aliserez un test pour int\u00e9grer le niveau qui vous correspond le mieux et ainsi suivre un enseignement adapt\u00e9 \u00e0 votre niveau.<\/p>\n\n\n\n<p>A la fin de chaque module, vous recevrez une attestation de r\u00e9ussite ou dipl\u00f4me reconnu par la Communaut\u00e9 fran\u00e7aise (niveau A1, A2, B1 du cadre europ\u00e9en).<\/p>\n\n\n\n<p>Bienvenidos a nuestra clase de espa\u00f1ol. Nous serons ravis de vous accueillir. \u00a1 Hasta pronto !<\/p>\n\n\n\n<p>Possibilit\u00e9 de cong\u00e9s-\u00e9ducation sous r\u00e9serve d\u2019acceptation de votre employeur et de votre commission paritaire.&nbsp;<\/p>\n<\/div>\n<\/div>\n\n\n\n<div style=\"height:40px\" aria-hidden=\"true\" class=\"wp-block-spacer\"><\/div>\n\n\n\n<div class=\"wp-block-columns is-layout-flex wp-container-core-columns-is-layout-9d6595d7 wp-block-columns-is-layout-flex\">\n<div class=\"wp-block-column is-layout-flow wp-block-column-is-layout-flow\">\n<h4 class=\"has-pale-pink-color has-text-color wp-block-heading\">Horaire 2025-2026<\/h4>\n\n\n\n<p>UE 1 : Jeudi de 18h \u00e0 20h50<\/p>\n\n\n\n<p>UE 2 : Mardi de&nbsp;18h \u00e0 20h50<\/p>\n\n\n\n<p>UE 3 : Lundi de 18h \u00e0 20h50<\/p>\n\n\n\n<p>UE 4 : Samedi de 09h30 \u00e0 12h30<\/p>\n\n\n\n<p>UE 5 : Jeudi de 18h \u00e0 20h50<\/p>\n\n\n\n<p>UE 6 :&nbsp;Mercredi de 18h \u00e0 20h50<\/p>\n\n\n\n<p><\/p>\n\n\n\n<p><\/p>\n<\/div>\n\n\n\n<div class=\"wp-block-column is-layout-flow wp-block-column-is-layout-flow\">\n<h4 class=\"has-pale-pink-color has-text-color wp-block-heading\">Conditions d&#8217;admission<\/h4>\n\n\n\n<p>Pour l\u2019UE 1: CEB ou test d\u2019admission.<\/p>\n\n\n\n<p>A partir de l\u2019UE 2: attestation de r\u00e9ussite du niveau inf\u00e9rieur ou test d\u2019admission.<\/p>\n<\/div>\n\n\n\n<div class=\"wp-block-column is-layout-flow wp-block-column-is-layout-flow\">\n<h4 class=\"has-pale-pink-color has-text-color wp-block-heading\">Prix de la formation<\/h4>\n\n\n\n<p>115,80 \u20ac ou 48 \u20ac sous certaines conditions d&#8217;exemption<\/p>\n<\/div>\n<\/div>\n\n\n\n<p class=\"has-pale-pink-color has-text-color\"><br><\/p>\n\n\n\n<div style=\"height:40px\" aria-hidden=\"true\" class=\"wp-block-spacer\"><\/div>\n\n\n\n<div class=\"wp-block-media-text alignwide is-stacked-on-mobile\"><figure class=\"wp-block-media-text__media\"><img loading=\"lazy\" decoding=\"async\" width=\"640\" height=\"336\" src=\"https:\/\/ilfop.be\/wp-content\/uploads\/2024\/06\/palace-1910258_640.jpg\" alt=\"\" class=\"wp-image-1877 size-full\" srcset=\"https:\/\/ilfop.be\/wp-content\/uploads\/2024\/06\/palace-1910258_640.jpg 640w, https:\/\/ilfop.be\/wp-content\/uploads\/2024\/06\/palace-1910258_640-300x158.jpg 300w\" sizes=\"auto, (max-width: 640px) 100vw, 640px\" \/><\/figure><div class=\"wp-block-media-text__content\">\n<blockquote class=\"wp-block-quote is-layout-flow wp-block-quote-is-layout-flow\"><p>La pluma es la lengua del alma.<\/p><cite>Miguel Cervantes<\/cite><\/blockquote>\n<\/div><\/div>\n\n\n\n<div style=\"height:75px\" aria-hidden=\"true\" class=\"wp-block-spacer\"><\/div>\n\n\n\n<figure class=\"wp-block-gallery has-nested-images columns-default is-cropped wp-block-gallery-1 is-layout-flex wp-block-gallery-is-layout-flex\">\n<figure class=\"wp-block-image size-large\"><img loading=\"lazy\" decoding=\"async\" width=\"2560\" height=\"1707\" data-id=\"367\" src=\"http:\/\/ilfop.be\/wp-content\/uploads\/2021\/03\/andres-alagon-VbGcFbdZpfU-unsplash-scaled.jpg\" alt=\"\" class=\"wp-image-367\" srcset=\"https:\/\/ilfop.be\/wp-content\/uploads\/2021\/03\/andres-alagon-VbGcFbdZpfU-unsplash-scaled.jpg 2560w, https:\/\/ilfop.be\/wp-content\/uploads\/2021\/03\/andres-alagon-VbGcFbdZpfU-unsplash-300x200.jpg 300w, https:\/\/ilfop.be\/wp-content\/uploads\/2021\/03\/andres-alagon-VbGcFbdZpfU-unsplash-1024x683.jpg 1024w, https:\/\/ilfop.be\/wp-content\/uploads\/2021\/03\/andres-alagon-VbGcFbdZpfU-unsplash-768x512.jpg 768w, https:\/\/ilfop.be\/wp-content\/uploads\/2021\/03\/andres-alagon-VbGcFbdZpfU-unsplash-1536x1024.jpg 1536w, https:\/\/ilfop.be\/wp-content\/uploads\/2021\/03\/andres-alagon-VbGcFbdZpfU-unsplash-2048x1365.jpg 2048w\" sizes=\"auto, (max-width: 2560px) 100vw, 2560px\" \/><\/figure>\n\n\n\n<figure class=\"wp-block-image size-large\"><img loading=\"lazy\" decoding=\"async\" width=\"1280\" height=\"1071\" data-id=\"1880\" src=\"http:\/\/ilfop.be\/wp-content\/uploads\/2024\/06\/sagrada-familia-photo-libre-de-droits.jpg\" alt=\"\" class=\"wp-image-1880\" srcset=\"https:\/\/ilfop.be\/wp-content\/uploads\/2024\/06\/sagrada-familia-photo-libre-de-droits.jpg 1280w, https:\/\/ilfop.be\/wp-content\/uploads\/2024\/06\/sagrada-familia-photo-libre-de-droits-300x251.jpg 300w, https:\/\/ilfop.be\/wp-content\/uploads\/2024\/06\/sagrada-familia-photo-libre-de-droits-1024x857.jpg 1024w, https:\/\/ilfop.be\/wp-content\/uploads\/2024\/06\/sagrada-familia-photo-libre-de-droits-768x643.jpg 768w\" sizes=\"auto, (max-width: 1280px) 100vw, 1280px\" \/><\/figure>\n\n\n\n<figure class=\"wp-block-image size-large\"><img loading=\"lazy\" decoding=\"async\" width=\"426\" height=\"640\" data-id=\"1879\" src=\"http:\/\/ilfop.be\/wp-content\/uploads\/2024\/06\/parque-Guell-Barcelona-photo-libre-de-droits.jpg\" alt=\"\" class=\"wp-image-1879\" srcset=\"https:\/\/ilfop.be\/wp-content\/uploads\/2024\/06\/parque-Guell-Barcelona-photo-libre-de-droits.jpg 426w, https:\/\/ilfop.be\/wp-content\/uploads\/2024\/06\/parque-Guell-Barcelona-photo-libre-de-droits-200x300.jpg 200w\" sizes=\"auto, (max-width: 426px) 100vw, 426px\" \/><\/figure>\n<\/figure>\n","protected":false},"excerpt":{"rendered":"<p>\u00a1 Hola ! \u00bfQu\u00e9 tal? Vous avez entre 15 et 99 ans&nbsp;et avez envie d&#8217;apprendre l&#8217;espagnol de mani\u00e8re efficace et dans la bonne humeur ? Les cours d&#8217;espagnol de l\u2019ILFoP Hannut sont faits pour vous. Ils se donnent dans une ambiance conviviale et familiale. Les 6 niveaux de cours&nbsp;et tables de conversation&nbsp;sont donn\u00e9s par des [&hellip;]<\/p>\n","protected":false},"author":1,"featured_media":0,"parent":76,"menu_order":0,"comment_status":"closed","ping_status":"closed","template":"","meta":{"footnotes":""},"class_list":["post-366","page","type-page","status-publish","hentry"],"_links":{"self":[{"href":"https:\/\/ilfop.be\/index.php\/wp-json\/wp\/v2\/pages\/366","targetHints":{"allow":["GET"]}}],"collection":[{"href":"https:\/\/ilfop.be\/index.php\/wp-json\/wp\/v2\/pages"}],"about":[{"href":"https:\/\/ilfop.be\/index.php\/wp-json\/wp\/v2\/types\/page"}],"author":[{"embeddable":true,"href":"https:\/\/ilfop.be\/index.php\/wp-json\/wp\/v2\/users\/1"}],"replies":[{"embeddable":true,"href":"https:\/\/ilfop.be\/index.php\/wp-json\/wp\/v2\/comments?post=366"}],"version-history":[{"count":25,"href":"https:\/\/ilfop.be\/index.php\/wp-json\/wp\/v2\/pages\/366\/revisions"}],"predecessor-version":[{"id":2091,"href":"https:\/\/ilfop.be\/index.php\/wp-json\/wp\/v2\/pages\/366\/revisions\/2091"}],"up":[{"embeddable":true,"href":"https:\/\/ilfop.be\/index.php\/wp-json\/wp\/v2\/pages\/76"}],"wp:attachment":[{"href":"https:\/\/ilfop.be\/index.php\/wp-json\/wp\/v2\/media?parent=366"}],"curies":[{"name":"wp","href":"https:\/\/api.w.org\/{rel}","templated":true}]}}