{"id":621,"date":"2021-08-31T11:12:02","date_gmt":"2021-08-31T09:12:02","guid":{"rendered":"http:\/\/ilfop.be\/?page_id=621"},"modified":"2021-09-01T16:18:10","modified_gmt":"2021-09-01T14:18:10","slug":"gestion-du-stress","status":"publish","type":"page","link":"https:\/\/ilfop.be\/index.php\/76-2\/gestion-du-stress\/","title":{"rendered":"Gestion du Stress"},"content":{"rendered":"\n<p>Rep\u00e9rer les sources de stress et relever ses facteurs, appr\u00e9hender ses propres r\u00e9actions et envisager les strat\u00e9gies de gestion de son soi en situation stressante afin d\u2019en limiter les effets n\u00e9gatifs.<br><\/p>\n\n\n\n<p>A partir de mi-septembre. <\/p>\n\n\n\n<p>Organiser sous forme d\u2019ateliers. <\/p>\n\n\n\n<ul class=\"wp-block-list\"><li>Hannut\u00a0: 02\/10 et 30\/10<\/li><li>Namur\u00a0: 09\/10<\/li><\/ul>\n\n\n\n<p><\/p>\n\n\n\n<p>Important : Les \u00e9tudiants doivent fournir leur dipl\u00f4me lors de l\u2019inscription (CE2D ou CESI au minimum)<\/p>\n\n\n\n<div style=\"height:42px\" aria-hidden=\"true\" class=\"wp-block-spacer\"><\/div>\n\n\n\n<div class=\"wp-block-media-text alignwide is-stacked-on-mobile\"><figure class=\"wp-block-media-text__media\"><img loading=\"lazy\" decoding=\"async\" width=\"1024\" height=\"680\" src=\"http:\/\/ilfop.be\/wp-content\/uploads\/2021\/08\/fabrizio-chiagano-rDwIXsgb2LY-unsplash-1024x680.jpg\" alt=\"\" class=\"wp-image-622\" srcset=\"https:\/\/ilfop.be\/wp-content\/uploads\/2021\/08\/fabrizio-chiagano-rDwIXsgb2LY-unsplash-1024x680.jpg 1024w, https:\/\/ilfop.be\/wp-content\/uploads\/2021\/08\/fabrizio-chiagano-rDwIXsgb2LY-unsplash-300x199.jpg 300w, https:\/\/ilfop.be\/wp-content\/uploads\/2021\/08\/fabrizio-chiagano-rDwIXsgb2LY-unsplash-768x510.jpg 768w, https:\/\/ilfop.be\/wp-content\/uploads\/2021\/08\/fabrizio-chiagano-rDwIXsgb2LY-unsplash-1536x1020.jpg 1536w, https:\/\/ilfop.be\/wp-content\/uploads\/2021\/08\/fabrizio-chiagano-rDwIXsgb2LY-unsplash-2048x1360.jpg 2048w\" sizes=\"auto, (max-width: 1024px) 100vw, 1024px\" \/><\/figure><div class=\"wp-block-media-text__content\">\n<blockquote class=\"wp-block-quote is-layout-flow wp-block-quote-is-layout-flow\"><p>Si vous pouvez le r\u00eaver, vous pouvez le faire.<\/p><cite>Walt Disney<\/cite><\/blockquote>\n<\/div><\/div>\n\n\n\n<div style=\"height:42px\" aria-hidden=\"true\" class=\"wp-block-spacer\"><\/div>\n","protected":false},"excerpt":{"rendered":"<p>Rep\u00e9rer les sources de stress et relever ses facteurs, appr\u00e9hender ses propres r\u00e9actions et envisager les strat\u00e9gies de gestion de son soi en situation stressante afin d\u2019en limiter les effets n\u00e9gatifs. A partir de mi-septembre. Organiser sous forme d\u2019ateliers. Hannut\u00a0: 02\/10 et 30\/10 Namur\u00a0: 09\/10 Important : Les \u00e9tudiants doivent fournir leur dipl\u00f4me lors de [&hellip;]<\/p>\n","protected":false},"author":1,"featured_media":0,"parent":76,"menu_order":0,"comment_status":"closed","ping_status":"closed","template":"","meta":{"footnotes":""},"class_list":["post-621","page","type-page","status-publish","hentry"],"_links":{"self":[{"href":"https:\/\/ilfop.be\/index.php\/wp-json\/wp\/v2\/pages\/621","targetHints":{"allow":["GET"]}}],"collection":[{"href":"https:\/\/ilfop.be\/index.php\/wp-json\/wp\/v2\/pages"}],"about":[{"href":"https:\/\/ilfop.be\/index.php\/wp-json\/wp\/v2\/types\/page"}],"author":[{"embeddable":true,"href":"https:\/\/ilfop.be\/index.php\/wp-json\/wp\/v2\/users\/1"}],"replies":[{"embeddable":true,"href":"https:\/\/ilfop.be\/index.php\/wp-json\/wp\/v2\/comments?post=621"}],"version-history":[{"count":2,"href":"https:\/\/ilfop.be\/index.php\/wp-json\/wp\/v2\/pages\/621\/revisions"}],"predecessor-version":[{"id":634,"href":"https:\/\/ilfop.be\/index.php\/wp-json\/wp\/v2\/pages\/621\/revisions\/634"}],"up":[{"embeddable":true,"href":"https:\/\/ilfop.be\/index.php\/wp-json\/wp\/v2\/pages\/76"}],"wp:attachment":[{"href":"https:\/\/ilfop.be\/index.php\/wp-json\/wp\/v2\/media?parent=621"}],"curies":[{"name":"wp","href":"https:\/\/api.w.org\/{rel}","templated":true}]}}