{"id":849,"date":"2022-03-31T15:21:00","date_gmt":"2022-03-31T13:21:00","guid":{"rendered":"http:\/\/ilfop.be\/?page_id=849"},"modified":"2026-05-15T09:07:25","modified_gmt":"2026-05-15T07:07:25","slug":"inclusif","status":"publish","type":"page","link":"https:\/\/ilfop.be\/index.php\/inclusif\/","title":{"rendered":"Inclusif"},"content":{"rendered":"\n<p><strong>Qu\u2019est-ce que l\u2019inclusif dans l\u2019enseignement de promotion sociale ?<\/strong><\/p>\n\n\n\n<div style=\"height:20px\" aria-hidden=\"true\" class=\"wp-block-spacer\"><\/div>\n\n\n\n<p>\u00ab L\u2019enseignement de promotion sociale inclusif est un enseignement qui met en \u0153uvre des dispositifs visant \u00e0 supprimer ou \u00e0 r\u00e9duire les barri\u00e8res mat\u00e9rielles, p\u00e9dagogiques, culturelles, sociales et psychologiques rencontr\u00e9es lors de l\u2019acc\u00e8s aux \u00e9tudes, aux cours des \u00e9tudes, aux \u00e9valuations des acquis d\u2019apprentissage par les \u00e9tudiants en situation de handicap et \u00e0 l\u2019insertion socio-professionnelle \u00bb <\/p>\n\n\n\n<p class=\"has-cyan-bluish-gray-color has-text-color\">(d\u00e9cret du 30 juin 2016, art. 1er, 1\u00b0).<\/p>\n\n\n\n<div style=\"height:20px\" aria-hidden=\"true\" class=\"wp-block-spacer\"><\/div>\n\n\n\n<p><strong>Que sont les am\u00e9nagements possibles?<\/strong><\/p>\n\n\n\n<div style=\"height:20px\" aria-hidden=\"true\" class=\"wp-block-spacer\"><\/div>\n\n\n\n<p>Les am\u00e9nagements raisonnables constituent des mesures appropri\u00e9es \u00e0 une situation de handicap en vue d\u2019ouvrir \u00e0 chacun l\u2019opportunit\u00e9 d\u2019acc\u00e9der, de participer et de progresser dans l\u2019enseignement de promotion sociale.<\/p>\n\n\n\n<div style=\"height:20px\" aria-hidden=\"true\" class=\"wp-block-spacer\"><\/div>\n\n\n\n<p><strong>Qui est le r\u00e9f\u00e9rent inclusif ? Quel est son r\u00f4le ? Comment b\u00e9n\u00e9ficier de ce service ?<\/strong><\/p>\n\n\n\n<div style=\"height:20px\" aria-hidden=\"true\" class=\"wp-block-spacer\"><\/div>\n\n\n\n<p>Introduire une demande aupr\u00e8s du secr\u00e9tariat afin de disposer du formulaire de demande d\u2019am\u00e9nagement.s raisonnable.s. Il est attendu que l\u2019\u00e9tudiant compl\u00e8te d\u00fbment ce document et le renvoie \u00e0 la personne de r\u00e9f\u00e9rence dans les d\u00e9lais communiqu\u00e9s.&nbsp;<\/p>\n\n\n\n<p>La demande est ensuite soumise au Conseil des Etudes qui statue sur sa recevabilit\u00e9.<\/p>\n\n\n\n<div style=\"height:20px\" aria-hidden=\"true\" class=\"wp-block-spacer\"><\/div>\n\n\n\n<div style=\"height:20px\" aria-hidden=\"true\" class=\"wp-block-spacer\"><\/div>\n\n\n\n<p>Pour plus d\u2019informations, veuillez consulter le <a href=\"https:\/\/ilfop.be\/wp-content\/uploads\/2021\/11\/ROI-version-Novembre-2021.pdf\">ROI <\/a> de l\u2019\u00e9tablissement<\/p>\n\n\n\n<div style=\"height:20px\" aria-hidden=\"true\" class=\"wp-block-spacer\"><\/div>\n\n\n\n<p><strong>Qui dois-je contacter?<\/strong><\/p>\n\n\n\n<p>Madame Laurence Libois &#8211; <a href=\"mailto:alexandra.gerard@ilfop.be\">laurence.libois@ilfop.be<\/a><\/p>\n\n\n\n<p><\/p>\n","protected":false},"excerpt":{"rendered":"<p>Qu\u2019est-ce que l\u2019inclusif dans l\u2019enseignement de promotion sociale ? \u00ab L\u2019enseignement de promotion sociale inclusif est un enseignement qui met en \u0153uvre des dispositifs visant \u00e0 supprimer ou \u00e0 r\u00e9duire les barri\u00e8res mat\u00e9rielles, p\u00e9dagogiques, culturelles, sociales et psychologiques rencontr\u00e9es lors de l\u2019acc\u00e8s aux \u00e9tudes, aux cours des \u00e9tudes, aux \u00e9valuations des acquis d\u2019apprentissage par les [&hellip;]<\/p>\n","protected":false},"author":1,"featured_media":0,"parent":0,"menu_order":0,"comment_status":"closed","ping_status":"closed","template":"","meta":{"footnotes":""},"class_list":["post-849","page","type-page","status-publish","hentry"],"_links":{"self":[{"href":"https:\/\/ilfop.be\/index.php\/wp-json\/wp\/v2\/pages\/849","targetHints":{"allow":["GET"]}}],"collection":[{"href":"https:\/\/ilfop.be\/index.php\/wp-json\/wp\/v2\/pages"}],"about":[{"href":"https:\/\/ilfop.be\/index.php\/wp-json\/wp\/v2\/types\/page"}],"author":[{"embeddable":true,"href":"https:\/\/ilfop.be\/index.php\/wp-json\/wp\/v2\/users\/1"}],"replies":[{"embeddable":true,"href":"https:\/\/ilfop.be\/index.php\/wp-json\/wp\/v2\/comments?post=849"}],"version-history":[{"count":15,"href":"https:\/\/ilfop.be\/index.php\/wp-json\/wp\/v2\/pages\/849\/revisions"}],"predecessor-version":[{"id":2320,"href":"https:\/\/ilfop.be\/index.php\/wp-json\/wp\/v2\/pages\/849\/revisions\/2320"}],"wp:attachment":[{"href":"https:\/\/ilfop.be\/index.php\/wp-json\/wp\/v2\/media?parent=849"}],"curies":[{"name":"wp","href":"https:\/\/api.w.org\/{rel}","templated":true}]}}